se -5*r = -4*l + 17, 0*l + 4*l + 8 = 0. Let g(s) = s**3 + 4*s**2 - 5*s + 6. Determine g(r).
6
Let a(b) = 4*b - b**2 + 6 - 8 - 1. Determine a(3).
0
Let i(m) be the third derivative of m**4/8 + 2*m**3/3 + 4*m**2. Determine i(3).
13
Let n(f) = -f**2 - 9*f - 1. Let z(r) = -3*r**2 - 19*r - 2. Let g(k) = 5*n(k) - 2*z(k). Calculate g(8).
7
Let o(d) = 574 - 574 + 14*d**2 - d. Give o(1).
13
Suppose 0 = x, -o + 5*x - 1 + 0 = 0. Let u(m) = -5*m**2 + 0 + 1 + m**2. Let n be u(o). Let i(p) = p. Determine i(n).
-3
Let m(g) = g - 6. Suppose 2*z = -5*d - z + 3, 4*d + 3 = 3*z. Let b(v) = d - 1 + 4. Let p(l) = 5*b(l) + 2*m(l). What is p(-4)?
-5
Let j(x) = x + 4. Let w(s) = 3*s + 11. Let m(u) = -8*j(u) + 3*w(u). Let g(p) = -p**2 - p + 2. Let q be g(0). Let c be (-5)/(q - (-1 - -2)). Give m(c).
-4
Suppose -2*t + 11 = 3, 3*m + 4*t - 58 = 0. Suppose -16 = -5*g + m. Let p(d) = d**2 - 7*d + 9. Give p(g).
3
Let q(k) = 6*k**2. Suppose 5*o + 1 - 11 = 0. Let a be o*-1*6/(-4). Suppose 0 = -3*i - 0 + a. Determine q(i).
6
Let a(c) = c. Let l(u) = -u**2 - 6*u + 1. Let n be l(-6). Let j be (0 - n)/(1/(-3)). Determine a(j).
3
Let d(p) = -9*p - 2*p**2 + 3 - 6 + 13*p. What is d(2)?
-3
Suppose 4*z + 16 = 5*q, -1 = q - z - 4. Let l(s) = -9 - 6*s + s**3 - q*s**2 + 8 + 7. Determine l(5).
1
Let l(u) be the first derivative of u**3/3 - u**2/2 + u - 1. Let g(r) = 9*r**3 - 3*r**2 + 4*r - 4. Let d(k) = -g(k) - 4*l(k). Determine d(1).
-10
Let l(t) = -5*t**3 + 6*t**2 + 4*t. Let v(i) = -4*i**3 + 5*i**2 + 3*i. Let b(q) = 3*l(q) - 4*v(q). What is b(3)?
9
Let r be (-9)/(-12) + (-3)/4. Let w be 5 - (r + 1 - 0). Let l(u) be the first derivative of 3*u**2/2 - 5*u - 3. Calculate l(w).
7
Let d(s) = -188 + 4*s**2 + 2*s**2 + 5*s + s**3 + 182. Let c be 1/2 - 33/6. Calculate d(c).
-6
Suppose -l + 2*j - 5 = 0, 3*l = l - 3*j + 11. Let x(k) = -6*k**3 - k**2 + 1. Determine x(l).
-6
Let t(y) = -2*y**3 + 0*y**3 - 6 + 4*y**2 + y**3 + y + y. What is t(4)?
2
Let w(c) be the first derivative of 7*c - 1/3*c**3 + c**2 - 4. Determine w(5).
-8
Let s(t) = -9*t - 6. Let o = 8 + -4. Let m(z) = -17*z - 11. Let h(x) = o*m(x) - 7*s(x). What is h(-2)?
8
Let j(f) = f - 1. Suppose -5*y = 4*b - 6*b + 10, 3*y = 5*b - 6. What is j(y)?
-3
Suppose -5*l = -0*l + 10, -3*u - 3*l - 15 = 0. Let r(m) = -m**2 + 2*m + 4. Give r(u).
-11
Suppose 0 = -24*g + 21*g + 33. Let y(z) = z**3 - 11*z**2 + 2*z - 16. What is y(g)?
6
Let h be (0 - 0)*1/2. Let o(a) = -a**3 + a**2 - 14. What is o(h)?
-14
Let y = -11 - -5. Let p = -13 + 15. Let t(a) = a**3 - 3*a - 3*a - 1 - 7*a**2 - p*a**3 + 0*a. Calculate t(y).
-1
Let d(a) = -4*a - 8172 + 3*a + 8172 + 2*a**2. Determine d(-1).
3
Suppose 0*l = -4*n - 5*l + 23, n - 4*l = -10. Let j(u) = -u**3 + 3*u**2 + u + 2. Give j(n).
8
Let u(p) be the third derivative of p**4/12 + p**3/6 + p**2. Let x = 1 - -4. Calculate u(x).
11
Let r(m) = -m**2 - 2*m + 2. Suppose -5*b + h = -2*h - 22, -2*b + 12 = -2*h. Let c(a) = a**2 + a. Let u be c(0). Suppose -b = -u*d + d. Calculate r(d).
2
Let b(z) = 2*z + 1. Suppose 6*r - 7*r = -4. Let p(x) = x - 5*x + 3*x - 3*x - 3 + x**2. Let c be p(r). Determine b(c).
-5
Let o = 13 - 5. Let l = o - 6. Let c(x) = l*x**2 - 2*x**2 - 9*x**2. Calculate c(-1).
-9
Let v(d) = -d - 2. Suppose 3*h + 4 = -5*y, -3*h + 5*y = -8*h - 10. Suppose 2*f + 18 = 4*z, -f + 3 = 3*z - z. Let k = z + h. What is v(k)?
-2
Suppose 2*y = -4*v + 12, 0 = -2*v + 7*v - y - 8. Let t(k) = k**3 + 3*k - 1. Determine t(v).
13
Let u(x) be the third derivative of -x**4/8 - x**3/3 + 4*x**2. Let m be u(-2). Let w(k) = 2*k**2 - 5*k + 2 + 1 - k**2. Give w(m).
-1
Suppose -11 = -4*q + 1. Suppose -3*v + 5 = -1. Let u(x) = v*x**2 + 3 - 6*x - 4 + 2*x. Determine u(q).
5
Suppose 19 - 4 = 3*j. Let o(h) = 2 + j - 7*h + 5*h + h. Give o(-5).
12
Let f(c) = 3*c**3 + 22*c**2 - 15*c + 21. Let g(y) = -y**3 - 7*y**2 + 5*y - 7. Let v(r) = -2*f(r) - 7*g(r). Let q be v(-6). Let p(w) = -2*w. What is p(q)?
-2
Let v(t) be the second derivative of -t**3/6 - 7*t**2/2 - 3*t. Let i be v(-7). Let u = i + 3. Let w(n) = -n - 1. Give w(u).
-4
Let k(f) = -f**2 - 7*f - 6. Let c be k(-4). Let z(m) = m**3 - 6*m**2 + m. Determine z(c).
6
Let m be 8/2*(5 - 4). Let z(v) be the first derivative of -1/2*v**2 - m*v - 1. Give z(-3).
-1
Let x = 10 - 6. Let p(h) = -h + 0*h + 0 - x + 5. What is p(-4)?
5
Let g(z) = z**2 - 2*z + 1. Let a be g(2). Let j(b) = -b**3 - 2*b**3 + 3*b + a - b**2 - 2*b. Give j(-1).
2
Let f(c) = -c**2 + 1. Let p(q) = 7*q**2 - 6*q - 5. Let j(w) = -6*f(w) - p(w). Calculate j(5).
4
Let n(f) = -f**2 + 2*f + 3. Let z(q) = q**2 - 2*q - 21. Let p be z(6). Calculate n(p).
0
Let q(o) = -o**3 + 27*o**2 - 27*o + 30. Let k be q(26). Let u(b) = -b**3 + 4*b**2 - 5*b + 2. Give u(k).
-18
Let t(o) = o**3 + 5*o**2 + 4*o + 3. Suppose 12 - 36 = 6*h. Give t(h).
3
Let b = -24 + 18. Let n(w) be the first derivative of w**4/4 + 5*w**3/3 - 5*w**2/2 + 6*w - 2. Give n(b).
0
Let n(r) = -r. Let p(k) = -4*k + 3. Let d(f) = 5*n(f) - p(f). Suppose -y = -5*y. Suppose y = 2*m + 5*b, 5*m + 2*b + 6 = 3*m. Give d(m).
2
Let q(z) = -11*z**2 + z. Let h(x) = 2*x**2 + 4*x - 1. Let c be h(-2). Determine q(c).
-12
Suppose 3*w = 5*w. Let g(s) = s**3 + s + 5. Let r be g(w). Let v(b) be the third derivative of -b**5/60 + b**4/4 - b**3/2 + 3*b**2. Determine v(r).
2
Let s(w) = w**3 + w**2 - 1. Let o(b) = 4*b**3 - 4. Let u(g) = -g - 10. Let k be u(-9). Let c(i) = k*o(i) + 2*s(i). Give c(2).
-6
Let u(w) be the first derivative of w**3/3 - 7*w**2/2 + 5*w - 4. Calculate u(5).
-5
Let v(r) be the first derivative of -r**3/3 - 5*r**2/2 - 6*r - 16. Determine v(-4).
-2
Let g be (48/60)/((-2)/15). Let l(n) = -n**3 - 7*n**2 - 7*n - 1. What is l(g)?
5
Suppose l + 24 = 13*l. Let y(p) = -2*p**2 - 1. What is y(l)?
-9
Let x(w) = -w**3 - 25*w**2 - 25*w - 25. Let r be x(-24). Let d(a) = -a - 2. What is d(r)?
-1
Let o(f) be the first derivative of -f**5/60 - f**4/8 + 2*f**3/3 + 2*f**2 - 3. Let m(d) be the second derivative of o(d). Give m(-3).
4
Let w(a) = a**2 + a + 8. Suppose 0 = -c - 6*c. What is w(c)?
8
Suppose -2*r - 16 = -6*r. Let s(l) = -l**2 + 2*l - 2. Calculate s(r).
-10
Let v(o) = -2*o + 4. Let m be v(3). Let z(j) = -j**2 + 6*j + 3. Let s be z(6). Let r(n) = -n - 5*n**s - 6*n**3 - 5*n**2 - 2*n + 10*n**3. Determine r(m).
-6
Let r be (9/15)/((-1)/5). Let p(o) = -3*o**2 - 3*o + 1. Give p(r).
-17
Let b(l) = l**2 + 5*l - 1. Let x(q) = -q**2 - 4*q + 7. Let v(w) = -4*w + 2. Let u be v(2). Let h be x(u). Calculate b(h).
-1
Let d(k) = -2*k. Let n(q) = 2*q + 2. Let m be n(-2). Let o be d(m). Let c(s) = -4*s + o*s + 5*s. Give c(2).
10
Let r(s) = -s**2 + s + 2. Suppose 0*x = 5*q - 4*x - 4, 20 = 4*q + x. What is r(q)?
-10
Let x(c) = -c**2 - 5 - 5*c - 6 + 10. Let g(r) = -r - 13. Let d(s) = -2*s - 3. Let f be d(3). Let i be g(f). What is x(i)?
3
Suppose 12 = 3*c - 0*c. Suppose -x - c*x - 12 = -4*n, -4*x - 12 = -2*n. Let b(g) = 2*g**3 + 2*g**2 - 2*g - 2. What is b(n)?
-6
Let p(t) = t**2 + 2*t + 2. Let c = -10 + -2. Let r = 10 + c. Calculate p(r).
2
Suppose 1 = 2*d - d. Let c(m) = 10*m**3 - 2*m**2 + m. What is c(d)?
9
Let d(a) be the second derivative of 1/12*a**4 - 2*a - a**2 + 1/20*a**5 + 0 + 1/6*a**3. What is d(-2)?
-8
Let m(j) = j - 1. Let y(r) = r - 10. Let d be y(9). Let c(t) = -2*t + 5. Let b(v) = d*c(v) - 3*m(v). Calculate b(-2).
0
Suppose 5*o = 2*o - 18. Let h = -4 - o. Let l(b) = -2*b**3 + 2*b**2 + b + 2. Determine l(h).
-4
Let u(t) = t**3 + 5*t**2 + 2*t. Let p = 65 - 69. Give u(p).
8
Let p(f) = -f**3 + f**2 - 3. Let k(i) = i**3 + 2*i**2 - i - 2. Let c = -3 + 1. Let d be k(c). Determine p(d).
-3
Let r(i) = -i + 1. Suppose 2*k + 0*k - 4 = 0. Suppose f + 6 = -k*f. Let z = -1 + f. Calculate r(z).
4
Suppose -n + 16 = 3*n - 4*q, q = 5*n. Let i = n + -4. Let c(t) be the second derivative of t**3/3 + 3*t**2/2 + 2*t. Calculate c(i).
-7
Let x(n) = -n**3 + 2*n**2 + 2*n + 2. Let d(y) = y**2 - y - 3. Let z be d(-2). Determine x(z).
-1
Let m(j) = j - 10. Suppose -9 = -5*a + 2*a. Suppose -a*i + 14 = -4. What is m(i)?
-4
Let m(k) = -k - 8. Let b = 6 - 6. Suppose y + 2*y = b. Give m(y).
-8
Let v = 0 + 0. Let o(s) = 1 - 2 - 2*s + v + s**2. Give o(4).
7
Suppose 3*r - 7*r + 2*j + 6 = 0, r - 3*j - 4 = 0. Let x(z) = 10*z + 6. Let w(f) = -9*f - 5. Let k(b) = 5*w(b) + 4*x(b). Give k(r).
-6
Let o(y) be the first derivative of y**4/12 - 7*y*